ndreds digit of 7604?
6
What is the ten thousands digit of 12888?
1
What is the hundreds digit of 8601?
6
What is the hundreds digit of 1332?
3
What is the thousands digit of 35053?
5
What is the tens digit of 3805?
0
What is the hundreds digit of 34193?
1
What is the tens digit of 10326?
2
What is the tens digit of 3373?
7
What is the tens digit of 7198?
9
What is the units digit of 42408?
8
What is the ten thousands digit of 32416?
3
What is the units digit of 851?
1
What is the hundreds digit of 2094?
0
What is the hundreds digit of 7534?
5
What is the tens digit of 71120?
2
What is the hundred thousands digit of 110773?
1
What is the tens digit of 6153?
5
What is the hundreds digit of 5541?
5
What is the tens digit of 6033?
3
What is the ten thousands digit of 27060?
2
What is the tens digit of 29578?
7
What is the hundreds digit of 22150?
1
What is the thousands digit of 111362?
1
What is the units digit of 38771?
1
What is the hundreds digit of 807?
8
What is the tens digit of 3998?
9
What is the units digit of 32598?
8
What is the units digit of 5964?
4
What is the hundreds digit of 7887?
8
What is the hundreds digit of 411?
4
What is the hundreds digit of 168862?
8
What is the units digit of 24691?
1
What is the ten thousands digit of 12878?
1
What is the hundreds digit of 12760?
7
What is the ten thousands digit of 51364?
5
What is the units digit of 78869?
9
What is the tens digit of 87425?
2
What is the thousands digit of 94435?
4
What is the tens digit of 2153?
5
What is the units digit of 60?
0
What is the tens digit of 248?
4
What is the units digit of 41851?
1
What is the hundreds digit of 54433?
4
What is the units digit of 274?
4
What is the units digit of 2883?
3
What is the tens digit of 671?
7
What is the units digit of 25474?
4
What is the tens digit of 15891?
9
What is the thousands digit of 16934?
6
What is the tens digit of 1965?
6
What is the units digit of 172465?
5
What is the ten thousands digit of 25777?
2
What is the units digit of 97694?
4
What is the hundreds digit of 5651?
6
What is the tens digit of 93119?
1
What is the hundreds digit of 581?
5
What is the units digit of 6548?
8
What is the tens digit of 3103?
0
What is the hundreds digit of 36895?
8
What is the units digit of 926?
6
What is the tens digit of 570?
7
What is the tens digit of 2763?
6
What is the hundreds digit of 26558?
5
What is the tens digit of 854?
5
What is the thousands digit of 1066?
1
What is the units digit of 5963?
3
What is the hundreds digit of 2113?
1
What is the tens digit of 257?
5
What is the tens digit of 4534?
3
What is the units digit of 1670?
0
What is the units digit of 398?
8
What is the units digit of 500?
0
What is the units digit of 14412?
2
What is the units digit of 8050?
0
What is the tens digit of 11757?
5
What is the tens digit of 719?
1
What is the hundreds digit of 53469?
4
What is the units digit of 73687?
7
What is the ten thousands digit of 60306?
6
What is the units digit of 87604?
4
What is the thousands digit of 14186?
4
What is the thousands digit of 121406?
1
What is the tens digit of 248?
4
What is the tens digit of 605?
0
What is the tens digit of 247?
4
What is the units digit of 901?
1
What is the thousands digit of 2381?
2
What is the tens digit of 34094?
9
What is the ten thousands digit of 16219?
1
What is the units digit of 432?
2
What is the tens digit of 6105?
0
What is the units digit of 291?
1
What is the hundreds digit of 1865?
8
What is the hundreds digit of 339?
3
What is the units digit of 644?
4
What is the units digit of 1374?
4
What is the tens digit of 6125?
2
What is the hundreds digit of 1071?
0
What is the tens digit of 2650?
5
What is the thousands digit of 1330?
1
What is the tens digit of 2099?
9
What is the hundreds digit of 11823?
8
What is the thousands digit of 5313?
5
What is the tens digit of 5424?
2
What is the tens digit of 10595?
9
What is the thousands digit of 9650?
9
What is the hundreds digit of 1070?
0
What is the ten thousands digit of 106879?
0
What is the hundreds digit of 43784?
7
What is the hundreds digit of 2774?
7
What is the hundreds digit of 3206?
2
What is the hundreds digit of 73118?
1
What is the thousands digit of 3550?
3
What is the units digit of 26289?
9
What is the units digit of 76772?
2
What is the thousands digit of 5843?
5
What is the thousands digit of 3808?
3
What is the tens digit of 3147?
4
What is the units digit of 696?
6
What is the thousands digit of 35678?
5
What is the units digit of 995?
5
What is the units digit of 26577?
7
What is the ten thousands digit of 16406?
1
What is the units digit of 841?
1
What is the units digit of 4012?
2
What is the units digit of 148707?
7
What is the hundreds digit of 3700?
7
What is the units digit of 1569?
9
What is the units digit of 394?
4
What is the tens digit of 42749?
4
What is the hundreds digit of 13899?
8
What is the units digit of 518?
8
What is the tens digit of 5458?
5
What is the units digit of 424?
4
What is the hundreds digit of 5538?
5
What is the ten thousands digit of 43644?
4
What is the hundreds digit of 851?
8
What is the thousands digit of 10225?
0
What is the tens digit of 420?
2
What is the ten thousands digit of 54948?
5
What is the thousands digit of 97445?
7
What is the hundreds digit of 40933?
9
What is the thousands digit of 4235?
4
What is the hundreds digit of 3988?
9
What is the tens digit of 56264?
6
What is the thousands digit of 1631?
1
What is the units digit of 32937?
7
What is the tens digit of 5633?
3
What is the units digit of 14473?
3
What is the tens digit of 28637?
3
What is the tens digit of 11418?
1
What is the units digit of 1641?
1
What is the hundreds digit of 5428?
4
What is the hundreds digit of 1182?
1
What is the hundreds digit of 8104?
1
What is the ten thousands digit of 141196?
4
What is the units digit of 547?
7
What is the hundreds digit of 11177?
1
What is the thousands digit of 73235?
3
What is the tens digit of 870?
7
What is the tens digit of 2743?
4
What is the units digit of 4327?
7
What is the hundreds digit of 3294?
2
What is the tens digit of 118?
1
What is the tens digit of 2834?
3
What is the units digit of 1666?
6
What is the hundreds digit of 5463?
4
What is the thousands digit of 8148?
8
What is the units digit of 1618?
8
What is the hundreds digit of 9376?
3
What is the thousands digit of 5929?
5
What is the units digit of 612?
2
What is the units digit of 12457?
7
What is the ten thousands digit of 141999?
4
What is the units digit of 7900?
0
What is the tens digit of 1246?
4
What is the units digit of 176727?
7
What is the tens digit of 569?
6
What is the tens digit of 9953?
5
What is the hundreds digit of 397?
3
What is the thousands digit of 22091?
2
What is the tens digit of 128?
2
What is the thousands digit of 27775?
7
What is the units digit of 968?
8
What is the thousands digit of 1955?
1
What is the thousands digit of 140183?
0
What is the hundreds digit of 1148?
1
What is the thousands digit of 4280?
4
What is the tens digit of 546?
4
What is the ten thousands digit of 30655?
3
What is the tens digit of 4526?
2
What is the units digit of 5115?
5
What is the units digit of 5280?
0
What is the ten thousands digit of 26169?
2
What is the thousands digit of 24551?
4
What is the units digit of 21179?
9
What is the hundreds digit of 1702?
7
What is the tens digit of 3893?
9
What is the thousands digit of 13367?
3
What is the hundreds digit of 413?
4
What is the units digit of 19110?
0
What is the thousands digit of 49717?
9
What is the units digit of 2953?
3
What is the tens digit of 814?
1
What is the units digit of 21468?
8
What is the tens digit of 65521?
2
What is the units digit of 945?
5
What is the tens digit of 5063?
6
What is the tens digit of 1252?
5
What is the hundreds digit of 1193?
1
What is the hundreds digit of 18412?
4
What is the tens digit of 132564?
6
What is the thousands digit of 11982?
1
What is the tens digit of 9088?
8
What is the hundreds digit of 530?
5
What is the thousands digit of 1057?
1
What is the ten thousands digit of 42096?
4
What is the hundreds digit of 3450?
4
What is the units digit of 13870?
0
What is the ten thousands digit of 28009?
2
What is the units digit of 1858?
8
What i